4838?
3
What is the thousands digit of 2577745?
7
What is the units digit of 409966?
6
What is the millions digit of 6407219?
6
What is the ten thousands digit of 588885?
8
What is the thousands digit of 1065460?
5
What is the tens digit of 3603755?
5
What is the tens digit of 14771055?
5
What is the hundred thousands digit of 435226?
4
What is the hundred thousands digit of 5076225?
0
What is the units digit of 653527?
7
What is the units digit of 41170?
0
What is the units digit of 88414?
4
What is the hundred thousands digit of 8542998?
5
What is the hundreds digit of 805832?
8
What is the millions digit of 11591565?
1
What is the hundred thousands digit of 8491881?
4
What is the ten thousands digit of 229073?
2
What is the units digit of 2596565?
5
What is the ten thousands digit of 6454270?
5
What is the thousands digit of 163086?
3
What is the units digit of 11449604?
4
What is the tens digit of 989420?
2
What is the hundreds digit of 90452?
4
What is the hundred thousands digit of 20317388?
3
What is the hundred thousands digit of 103711?
1
What is the thousands digit of 17050384?
0
What is the ten thousands digit of 6733291?
3
What is the units digit of 279884?
4
What is the hundreds digit of 263053?
0
What is the millions digit of 24352415?
4
What is the units digit of 3529312?
2
What is the thousands digit of 2653453?
3
What is the hundred thousands digit of 319257?
3
What is the hundreds digit of 1974355?
3
What is the hundred thousands digit of 27383837?
3
What is the ten thousands digit of 1279375?
7
What is the ten thousands digit of 188906?
8
What is the units digit of 403169?
9
What is the hundred thousands digit of 166993?
1
What is the units digit of 458982?
2
What is the tens digit of 955379?
7
What is the ten thousands digit of 2630881?
3
What is the millions digit of 1857148?
1
What is the ten thousands digit of 3277424?
7
What is the thousands digit of 963888?
3
What is the ten thousands digit of 349651?
4
What is the hundreds digit of 3727281?
2
What is the tens digit of 5137330?
3
What is the tens digit of 1166261?
6
What is the tens digit of 27227914?
1
What is the hundred thousands digit of 143988?
1
What is the hundreds digit of 1477103?
1
What is the hundred thousands digit of 540771?
5
What is the thousands digit of 3005777?
5
What is the hundred thousands digit of 147515?
1
What is the tens digit of 92247?
4
What is the ten thousands digit of 3877327?
7
What is the thousands digit of 1662499?
2
What is the hundreds digit of 135406?
4
What is the thousands digit of 1124312?
4
What is the hundreds digit of 6233?
2
What is the tens digit of 4722108?
0
What is the units digit of 2735070?
0
What is the millions digit of 1175336?
1
What is the hundred thousands digit of 886765?
8
What is the units digit of 17868777?
7
What is the hundred thousands digit of 670255?
6
What is the ten thousands digit of 11320435?
2
What is the ten thousands digit of 409502?
0
What is the tens digit of 7745904?
0
What is the hundred thousands digit of 236267?
2
What is the hundreds digit of 145777?
7
What is the ten thousands digit of 193767?
9
What is the ten millions digit of 22180809?
2
What is the tens digit of 798022?
2
What is the units digit of 403847?
7
What is the units digit of 1601064?
4
What is the thousands digit of 1880809?
0
What is the thousands digit of 5142415?
2
What is the ten thousands digit of 3245467?
4
What is the units digit of 2259341?
1
What is the hundred thousands digit of 859856?
8
What is the units digit of 1642752?
2
What is the ten millions digit of 11125550?
1
What is the units digit of 97741?
1
What is the thousands digit of 2484884?
4
What is the units digit of 21756343?
3
What is the hundred thousands digit of 915171?
9
What is the hundreds digit of 559961?
9
What is the millions digit of 6372956?
6
What is the hundreds digit of 9199499?
4
What is the hundreds digit of 122570?
5
What is the ten thousands digit of 2600101?
0
What is the ten thousands digit of 1815141?
1
What is the thousands digit of 6890757?
0
What is the ten thousands digit of 311304?
1
What is the units digit of 2380310?
0
What is the ten thousands digit of 409331?
0
What is the units digit of 88897?
7
What is the hundred thousands digit of 1886480?
8
What is the hundreds digit of 5893622?
6
What is the ten thousands digit of 4377587?
7
What is the tens digit of 155979?
7
What is the ten thousands digit of 9001198?
0
What is the units digit of 83986?
6
What is the ten thousands digit of 2410805?
1
What is the hundreds digit of 5349415?
4
What is the hundreds digit of 3446967?
9
What is the units digit of 2717884?
4
What is the hundred thousands digit of 845322?
8
What is the hundred thousands digit of 25573124?
5
What is the tens digit of 6707536?
3
What is the hundreds digit of 3447002?
0
What is the hundreds digit of 422618?
6
What is the tens digit of 1791856?
5
What is the ten thousands digit of 671711?
7
What is the units digit of 731221?
1
What is the thousands digit of 116558?
6
What is the hundreds digit of 52107?
1
What is the tens digit of 106579?
7
What is the tens digit of 6863328?
2
What is the hundred thousands digit of 2098956?
0
What is the units digit of 3359527?
7
What is the thousands digit of 13394963?
4
What is the ten thousands digit of 602821?
0
What is the tens digit of 5097658?
5
What is the hundreds digit of 98773?
7
What is the units digit of 21839616?
6
What is the millions digit of 12927419?
2
What is the thousands digit of 1056569?
6
What is the thousands digit of 26821611?
1
What is the tens digit of 286231?
3
What is the ten millions digit of 13204885?
1
What is the thousands digit of 1165342?
5
What is the ten millions digit of 20003689?
2
What is the thousands digit of 8620748?
0
What is the hundreds digit of 378180?
1
What is the ten thousands digit of 5854812?
5
What is the tens digit of 259327?
2
What is the units digit of 210656?
6
What is the tens digit of 1831672?
7
What is the thousands digit of 4188139?
8
What is the thousands digit of 161041?
1
What is the ten thousands digit of 1869176?
6
What is the thousands digit of 762417?
2
What is the tens digit of 20781479?
7
What is the ten thousands digit of 9061281?
6
What is the hundreds digit of 1031212?
2
What is the tens digit of 2010191?
9
What is the tens digit of 82179?
7
What is the units digit of 3712188?
8
What is the hundred thousands digit of 268943?
2
What is the units digit of 633602?
2
What is the hundred thousands digit of 224349?
2
What is the units digit of 1917066?
6
What is the units digit of 10786675?
5
What is the hundreds digit of 69644?
6
What is the tens digit of 9429?
2
What is the thousands digit of 198917?
8
What is the ten thousands digit of 6891736?
9
What is the ten thousands digit of 70282?
7
What is the tens digit of 5327097?
9
What is the units digit of 681966?
6
What is the units digit of 750960?
0
What is the hundreds digit of 342712?
7
What is the units digit of 432469?
9
What is the tens digit of 426901?
0
What is the units digit of 1361754?
4
What is the hundred thousands digit of 1196068?
1
What is the tens digit of 1177835?
3
What is the thousands digit of 9279522?
9
What is the thousands digit of 3082464?
2
What is the thousands digit of 387383?
7
What is the thousands digit of 1003805?
3
What is the hundreds digit of 2130933?
9
What is the tens digit of 37141?
4
What is the tens digit of 5442353?
5
What is the ten thousands digit of 2534022?
3
What is the hundreds digit of 1609768?
7
What is the hundreds digit of 24962620?
6
What is the units digit of 2782090?
0
What is the ten thousands digit of 5433920?
3
What is the tens digit of 23342355?
5
What is the units digit of 7881877?
7
What is the tens digit of 3422696?
9
What is the ten thousands digit of 98121?
9
What is the tens digit of 27455?
5
What is the hundred thousands digit of 2463232?
4
What is the units digit of 64188?
8
What is the units digit of 141549?
9
What is the ten thousands digit of 634770?
3
What is the ten thousands digit of 2922767?
2
What is the hundred thousands digit of 725187?
7
What is the thousands digit of 352790?
2
What is the hundred thousands digit of 4583779?
5
What is the hundred thousands digit of 770490?
7
What is the